 = 3*q**2 + 2*q + 24. Let a be k(8). Let g(y) = -233*y**3 + 3*y**2 + 3*y**2 + 1 - 5 + a*y**3. Suppose -2*d + 3*o + 27 = -0*d, 2*d = 5*o + 37. Give g(d).
-4
Let c(s) be the second derivative of s**2 - 9*s - 1/20*s**5 + 1/3*s**4 - 1/2*s**3 + 0. Calculate c(3).
2
Let f(v) = v**3 - 6*v**2 - v + 5. Let m(c) = 2*c**3 - 7*c**2 - 2*c + 6. Let d(y) = -3*f(y) + 2*m(y). Let l be ((-72)/54)/(8/18). Give d(l).
9
Let c be ((-96)/28)/((-2)/(-14)). Let d = c - -27. Let m(h) = 3*h - h**2 + 0*h - d - 6*h + h. Give m(-4).
-11
Let q = -1887 - -1893. Let o(c) be the second derivative of -q*c**2 + 3*c + 0 - 1/12*c**4 + 1/6*c**3 - 1/20*c**5. Calculate o(0).
-12
Let z(o) = -2*o - 6. Let t(c) be the third derivative of c**4/6 + 4*c**3 - 35*c**2. Let k be t(-8). What is z(k)?
10
Let g(f) = -6*f + 20*f - 13*f. What is g(-3)?
-3
Let x(t) = -4*t**2 - 4 + 3 + t**2 + 0*t**2. Let r be x(0). Let v(a) = 5*a**3 - 2*a**2 + 1. Give v(r).
-6
Let q = -44 + 46. Let p(n) = 2*n**q - n**2 + 27 - 10. Determine p(0).
17
Let s(f) be the third derivative of 0 + 0*f**3 + 7/720*f**6 + 0*f**5 - 1/8*f**4 - 2*f**2 + 0*f. Let r(n) be the second derivative of s(n). Determine r(-1).
-7
Suppose 37*f - 201 = 21. Let h(d) = d + 19. Calculate h(f).
25
Let h = -56 + 44. Let t be 1*(-20)/(-6)*h/(-10). Let k(b) = b**2 - 2*b - 2. Calculate k(t).
6
Let s(w) be the first derivative of -4*w**2 - 2*w + 90. Determine s(2).
-18
Let a(x) be the second derivative of x**6/180 - x**5/120 + x**4/24 + x**3 + 2*x. Let y(d) be the second derivative of a(d). Calculate y(1).
2
Let g(z) = 260*z**3 + 0 + 3 - 130*z**3 - 131*z**3 + 9*z - 7*z**2. What is g(-8)?
-5
Let z(w) = -4*w**2 - 87 + 84 + w**2 + 4*w**2 - 5*w. Let f = 9 + -4. Suppose -f*p + 24 = -p. Calculate z(p).
3
Let y(s) = -6*s - 3. Let h(b) = 2*b. Let o be h(1). Let r be 6/(-4) + o/(-4). Give y(r).
9
Let g(u) = u**2 - 4*u - 8. Let x be g(-2). Let k(q) = -q**2 + 5*q. Calculate k(x).
4
Let w = 44 - 43. Suppose -50*g = -51*g - w. Let l(u) = 4*u. Let p(z) = 4*z. Let t(i) = 4*l(i) - 3*p(i). What is t(g)?
-4
Suppose -27*r + 11 - 254 = 0. Let i(f) = -3*f - 12. Determine i(r).
15
Let b = -10 - -12. Let q(u) = b*u**2 - 5 - u + 6 - 3*u**2 - 6. Calculate q(0).
-5
Let c(t) be the first derivative of 5*t + 3/2*t**2 - 10 - t**3 - 1/4*t**4. What is c(-4)?
9
Let p(x) be the second derivative of -x**4/12 + 5*x**3/6 - 3*x**2/2 + 2*x + 193. Give p(3).
3
Let o(g) = -4*g**2 - 12*g - 1. Let f(y) = -y**2 - 3*y. Let a(z) = 9*f(z) - 2*o(z). Suppose -4*v + 5*n = 1 + 18, 4*n = 2*v + 8. Determine a(v).
-16
Let a(c) = -2*c**3 + c**2. Let x be a(-1). Suppose x*w = 5 + 7. Let n(s) = 0*s - 5*s**2 - 5*s**3 + 0*s - 2 + w*s**3 - 4*s. Calculate n(-4).
-2
Let u(q) = 17*q - 7*q**2 + 6 + 27*q**2 - 8*q**2 - 13*q**2. What is u(17)?
6
Let t(x) = x**2 - x. Let h(y) = y**2 - 4*y + 2. Let c(l) = h(l) + t(l). Suppose 0 = -2*a - 5*i + 31, -2*a = -16*i + 20*i - 26. Give c(a).
5
Let k(q) be the second derivative of -q**6/120 + q**5/15 + 5*q**4/24 - q**3 - 6*q**2 + 7*q. Let d(a) be the first derivative of k(a). Give d(5).
-6
Suppose 3 = f - 3. Let j = f + -4. Let q(b) = 0*b**2 - b**2 + 4*b**2 - 7 - 2*b - 2*b**j. Calculate q(5).
8
Let l(m) = m**2 - m. Let j(h) = -h**3 - 15*h**2 + h + 6. Let d(f) = j(f) + 6*l(f). What is d(-8)?
-18
Let a(c) = -c + 2. Let h(z) = 48*z**2 - 5*z + 9. Let d(b) = -4*a(b) + h(b). Determine d(1).
48
Suppose 0 = -4*k + 18 - 6, 0 = -3*x - 4*k + 87. Let a be (-3)/(1 + 2) - x. Let t be 14/91 + 108/a. Let i(b) = b**2 + b - 3. Determine i(t).
9
Suppose 3*u = -t + 8, -u - 5 = 4*t + 7. Suppose -g + 3 = u*v + 8, -3*v + 5 = 2*g. Let s be (-6)/(-21) + (-9)/g. Let f(z) = -5*z + 1. Give f(s).
6
Let c = -14 - -20. Let r(g) be the first derivative of -2*g - 1/4*g**4 + 7/3*g**3 + 3 - 2*g**2. Calculate r(c).
10
Let o(l) be the first derivative of 2*l**3/3 - l**2/2 - l - 27. Let n(x) = -x + 4. Let s be n(9). Let w = s + 4. Give o(w).
2
Let y(x) = -3*x**2 - 2*x. Let t be 5/(50/176) + 10/25. Suppose 17*c = -t - 16. Give y(c).
-8
Suppose 318 = 30*r + 1278. Let l(k) = k**2 + 32*k + 6. Calculate l(r).
6
Let f(h) = -h**3 - 8*h**2 - 6*h + 1. Let a(q) = 8*q - 16. Let y be a(4). Let n be -1 + 15*(y/10)/(-4). Calculate f(n).
-6
Let j(h) = h + 2. Let s = -33 - -36. Let z = s - 0. What is j(z)?
5
Let i(j) be the second derivative of 0 - 13*j + 1/3*j**3 - 3/2*j**2. Let l = 5 + -8. What is i(l)?
-9
Suppose -18*b + 68*b = -200. Let g(k) = 3*k**3 + 11*k**2 - 6*k - 2. Calculate g(b).
6
Let m(w) = 3*w + 13. Let i(v) = v + 7. Let q(l) = -11*i(l) + 6*m(l). Let o = -15 - -17. Calculate q(o).
15
Let b(j) be the third derivative of -j**6/120 - j**5/20 + j**4/8 + j**3/6 - 493*j**2. Give b(-4).
5
Let h(r) = 4*r - 3. Let q = -71 - -77. Let g(c) = -11*c + 8. Let p(b) = q*g(b) + 17*h(b). Suppose x - 9 = -2*x. Give p(x).
3
Let s(g) = -g - 8. Let y be (-1*2)/((-55)/(-110)). Calculate s(y).
-4
Let d = 7 + -4. Let n(z) be the first derivative of -z**4/12 + z**3/3 + 3*z**2/2 + 12*z - 6. Let c(w) be the first derivative of n(w). Determine c(d).
0
Let l(v) = 46*v**2 + 7*v - 45*v**2 - 2 + 16 - 3. Give l(-6).
5
Let a(q) = q**2 + 6*q + 5. Let u be 30/20*(-6)/9. Let z be u/(6/(-14) + (-114)/(-168)). Determine a(z).
-3
Let f = -4 - -1. Let w(s) = 2*s + 5. Let q be w(-1). Let b(y) = 46*y - 1 + 2*y**q - 47*y + 0*y**3 - y**3 + 3*y**2. What is b(f)?
2
Let q = 0 + -8. Let k(p) = p**2 + 4*p - 2. Let f be k(q). Suppose 3*y = -2*y + f. Let u(c) = c**2 - 8*c. Give u(y).
-12
Suppose 5*f - 15*r = -12*r - 37, 4*f = 4*r - 36. Let a(d) = -d**3 - 6*d**2 - 3*d + 7. What is a(f)?
-3
Let d be 3*(1/3)/((-1)/2). Let u(s) = -3*s - 7. Give u(d).
-1
Let t(p) = -3*p**3 - 10*p**2 - p + 1. Let j be t(-3). Let n(u) = -5*u - 5. Let x(l) = -8*l - 10. Let s(r) = j*n(r) + 3*x(r). Calculate s(4).
-1
Let l be (-2)/(-3 - (-7)/2). Let b(f) = -14*f + 26. Let w = 9 - 3. Let r(n) = -5*n + 9. Let i(k) = w*b(k) - 17*r(k). Calculate i(l).
-1
Let v(m) = m + 4. Suppose 62 = 5*y + c, -2 + 8 = -2*c. Let i be -20*(-4)/(y - -3). Suppose -30 = -i*k - 3*f + 4, 3*k - 27 = -4*f. Determine v(k).
9
Let y = -3 + 3. Let c(z) = -21 + 29 - z + 0*z. Give c(y).
8
Let z(s) = -2*s + 8. Suppose 21*q - 175 - 56 = 0. Determine z(q).
-14
Let s(o) = 11878 + o**3 - 12*o**2 + 0*o - 2*o - 11863. Give s(12).
-9
Let q(x) = x + 2. Let s(c) = -2*c + 6. Let g(m) = -2*q(m) + s(m). What is g(1)?
-2
Let n = 41 - 39. Suppose 3*b + 8 - 7 = n*x, 8 = 2*x + 4*b. Let s(f) = 3*f**3 - 4*f**2 + 2*f. Determine s(x).
12
Let o(z) = -7*z**2 - 3*z - 1. Let r(j) = 15*j**2 + 7*j + 2. Let h(n) = 7*o(n) + 3*r(n). Suppose -2*g + a = -1, 3 = -3*a - 6. Determine h(g).
-5
Let c(d) = 4*d + 4. Let o(t) = 3*t**3 - 23*t**2 + 15*t - 4. Let i be o(7). What is c(i)?
16
Let n(u) = -66*u - 994. Let l be n(-15). Let i(w) be the second derivative of w**3/3 + w**2 - 2*w. Determine i(l).
-6
Let q(z) be the first derivative of -5*z**4/24 - 7*z**3/6 - 13*z**2 + 37. Let r(y) be the second derivative of q(y). What is r(-5)?
18
Let j(o) = o + 1. Let h be j(-3). Let w be (4/6)/(h/(-9)). Suppose -w = -x - 2. Let f(t) = 2*t + 1. Calculate f(x).
3
Let a(f) = 6*f + 6. Let g(x) = -7*x - 7. Let k(j) = 6*a(j) + 5*g(j). Give k(-3).
-2
Let p(x) = x**3 - 9*x**2 - 13*x + 26. Let v be p(10). Let y(k) = -k**3 - 3*k**2 + 5*k - 2. Give y(v).
-6
Let d(c) be the second derivative of c**7/420 - c**6/360 - c**5/120 - 7*c**3/6 + 24*c. Let z(x) be the second derivative of d(x). Determine z(2).
10
Let h(t) = t**3 - 8*t**2 + 9*t - 10. Let m = -25 + 53. Suppose 7*r - 3*r - 4*d = m, 4*r - 31 = d. Let g = 15 - r. What is h(g)?
4
Let a = -94 + 92. Let d(p) = -11*p - 2. Let q(o) be the first derivative of 2*o**2 + o - 6. Let c(i) = -2*d(i) - 7*q(i). Determine c(a).
9
Let l(g) = 21*g**2 + g. Let t(w) = w**2 + 3*w - 2. Let h be t(-4). Suppose -o - h*x + 0 + 5 = 0, 5*o = -3*x + 4. Give l(o).
20
Let s = 118 + -114. Let m(r) = 0*r**2 + 2*r**2 - s*r - 78 + 75 + r**3. Calculate m(-3).
0
Let a(z) = -z**3 - 3*z**2 - 2*z - 4. Suppose 6*g = -b + 3*g - 19, -g + 11 = -4*b. Calculate a(b).
20
Let l(p) = -p - 10. Let j be (4 + 2)/(-2) + 8. Let b(o) = o + 9. Let a(x) = j*b(x) + 4*l(x). Let w be (-16)/3 - (-1)/3. Calculate a(w).
0
Let s(l) = -l - 7. Let h be (0 + -4)/(-4) + 1. Suppose i + 3 = -3*u + 4*i, 4*u + h*i + 34 = 0. Give s(u).
-1
Suppose -789 + 327 = 77*y. Let l(w) = w**2 + 6*w - 8. Give l(y).
